{"id":14,"date":"2024-10-29T10:39:58","date_gmt":"2024-10-29T10:39:58","guid":{"rendered":"http:\/\/zmk-kessler.de\/?page_id=14"},"modified":"2024-12-05T12:10:20","modified_gmt":"2024-12-05T12:10:20","slug":"home","status":"publish","type":"page","link":"https:\/\/zmk-kessler.de\/","title":{"rendered":"Home"},"content":{"rendered":"\n<h1>\n\t\tIhr Zahnarzt und Kieferorthop\u00e4de in Bad Kreuznach\n\t<\/h1>\n\t\t\t<a href=\"https:\/\/zmk-kessler.de\/?page_id=25\" target=\"_self\">\n\t\t\t\t\t\t\tTerminvereinbarung\n\t\t\t\t\t<\/a>\n\t<h1>Der Partner rund um Ihre Z\u00e4hne<\/h1>\n<p>Die Gemeinschaftspraxis Kessler &amp; Kollegen wurde 1991 durch den Zahnarzt Stefan Kessler gegr\u00fcndet. Das eigens hierf\u00fcr aufwendig renovierte postmoderne Geb\u00e4ude an der Salinenstra\u00dfe bietet einen attraktiven Standort f\u00fcr Patienten und \u00c4rzte. Nur wenige Schritte entfernt liegen Kurpark, Parkhaus und die Wohlf\u00fchl-Oase &#8222;Wellness Paradise&#8220;.<\/p>\n<p>Fachliche Kompetenz und modernste Technik nach neuesten wissenschaftlichen Erkenntnissen pr\u00e4gen den Erfolg unserer modernen Praxis. Das gro\u00dfz\u00fcgige und vollklimatisierte Praxisareal auf drei Stockwerken bietet Kassen-, Privatpatienten, Selbstzahlern und deren Begleitung ein \u00fcberzeugendes Ambiente in entspannter Behandlungsatmosph\u00e4re. Gerne nehmen wir uns Zeit, um Sie in einem pers\u00f6nlichen Gespr\u00e4ch \u00fcber die individuelle Behandlung f\u00fcr Sie oder Ihre Kinder zu beraten. Unser sympathisches Sprechstunden-Team betreut Sie f\u00fcrsorglich und ambitioniert w\u00e4hrend Ihres gesamten Aufenthaltes.<\/p>\n\t<h1>Zahnarztpraxis<\/h1>\n\t<h1>Mehr als die \u00fcbliche Zahnarztpraxis<\/h1>\n<p>Zahnmedizin und Vieles mehr..<\/p>\nEin einmaliges Konzept, nach amerikanischem Prinzip,<br \/>\nerobert Bad Kreuznach! Auf \u00fcber 600 qm Praxis finden Sie bei uns Zahnmedizin, Kieferorthop\u00e4die, Mund-, Kiefer- &amp; Gesichtschirurgie und ein eigenes Zahntechniklabor mit Mundhygiene-Shop. Alles unter einem Dach. Das bedeutet f\u00fcr Sie den bequemen &#8222;One Way Stop&#8220; rund um die Zahnmedizin.\n<p>Patienten von heute legen Wert auf angenehme Behandlungsmethoden, den Einsatz moderner Techniken und Zusatzleistungen rund um die Zahn-\u00c4sthetik.<\/p>\n<p>Ihre Zufriedenheit steht f\u00fcr uns im Mittelpunkt.<\/p>\n\t<h1>Unsere Praxis<\/h1>\n<p>BEHANDLUNG AUF H\u00d6CHSTEM NIVEAU<\/p>\n<p>Unsere hochmodernen Behandlungszimmer verf\u00fcgen \u00fcber eine ganzheitliche Ausstattung, die Ihnen eine professionelle und umfassende Behandlung garantiert. Wir nehmen uns die Zeit f\u00fcr eine pers\u00f6nliche Beratung und entwickeln gemeinsam Ihre individuelle L\u00f6sung.<\/p>\n<p>Das Wohl unserer Patienten ist unser Anspruch.<\/p>\n\t<h1>Unser Zahn\u00e4rzteteam<\/h1>\n<p>EINF\u00dcHLSAM &#8211; SORGF\u00c4LTIG &#8211; PROFESSIONELL<\/p>\n<p>Oberstes Ziel unserer verl\u00e4sslichen Mitarbeiter ist es, Sie entspannt und komplikationsfrei zu einem strahlenden Ergebnis zu f\u00fchren. Wir m\u00f6chten, dass Sie sich fachlich kompetent und menschlich gut betreut f\u00fchlen.<\/p>\n<br \/>\nEngagement und Zufriedenheit sind unsere Maxime.\n\t<h1>Kieferorthp\u00e4die<\/h1>\n\t<h1>Kieferorthop\u00e4die &#8211; The Next Generation<\/h1>\n<p>ES IST NIE ZU SP\u00c4T F\u00dcR EIN SCH\u00d6NES L\u00c4CHELN!<\/p>\n<p>Eine neue Generation kieferorthop\u00e4discher Techniken bietet sowohl Kindern\/Jugendlichen als auch Erwachsenen innovative L\u00f6sungen und ausgezeichnete Ergebnisse. Eine auf jeden Patienten individuell abgestimmte Therapie bringt in unserem Behandlungsstudio &#8222;Raumschiff Enterprise&#8220; schon nach kurzer Zeit so manches \u00e4sthetisch sch\u00f6ne L\u00e4cheln hervor.<\/p>\n\t<h3>Unsere Praxis<\/h3>\n<p>WIR STEHEN IHNEN STETS ZUR VERF\u00dcGUNG<\/p>\n<p>Kieferorthop\u00e4dische Behandlungen sind in jedem Alter m\u00f6glich, eventuell wesentlich, um den Zahnerstatus zu sichern. Wir bieten eine einmalige Anzahl an Behandlungsoptionen, die unser Expertenteam Ihnen in einer au\u00dfergew\u00f6hnlichen Praxis zur Verf\u00fcgung stellt.<\/p>\n<p>Wir freuen uns, wenn Sie mit einem L\u00e4cheln gehen.<\/p>\n\t<h3>Unsere Kieferorthop\u00e4den-Helferinnen<\/h3>\n<p>ENGAGIERT &#8211; MENSCHLICH &#8211; KOMPETENT<\/p>\n<p>All unsere Therapien ber\u00fccksichtigen, dass gerade im Erwachsenenalter der \u00e4sthetische Aspekt auch w\u00e4hrend der Behandlungsdauer von Bedeutung ist. Entsprechend bieten wir Ihnen Konzepte, die sich bequem Ihrem (Berufs)-alltag anpassen, Ihre Sprache nicht beeintr\u00e4chtigen und h\u00f6chsten \u00e4sthetischen Anspr\u00fcchen gen\u00fcgen. Gerne beraten wir Sie z.B. zu &#8222;unsichtbaren&#8220;, festen Zahnspangen.<\/p>\n<p>Sch\u00f6ne Z\u00e4hne sind der nat\u00fcrliche Schmuck des Menschen.<\/p>\n\t<iframe src=\"https:\/\/www.google.com\/maps\/embed?pb=!1m19!1m8!1m3!1d5146.41965573853!2d7.8557622!3d49.8385148!3m2!1i1024!2i768!4f13.1!4m8!3e6!4m0!4m5!1s0x47bdf0aa410aa5d5%3A0x348df8aa248987e6!2sZMK%20Kessler%2C%20Salinenstra%C3%9Fe%2070%2C%2055543%20Bad%20Kreuznach!3m2!1d49.8384581!2d7.8558075!5e0!3m2!1sde!2sde!4v1730287299891!5m2!1sde!2sde\" width=\"100%\" height=\"450\" allowfullscreen=\"\" loading=\"lazy\" referrerpolicy=\"no-referrer-when-downgrade\"><\/iframe>\n\t<p><a href=\"https:\/\/www.google.de\/maps\/dir\/\/Salinenstra%C3%9Fe+70,+55543+Bad+Kreuznach\/@49.936909,7.9901103,10z\/data=!4m9!4m8!1m0!1m5!1m1!1s0x47bdf0aa410aa5d5:0xa7be12e921f40ffd!2m2!1d7.85586!2d49.8385!3e0\" target=\"_blank\" rel=\"noopener\">SALINENSTRASSE 70\u00a0 55543 BAD KREUZNACH<\/a><\/p>\n\n","protected":false},"excerpt":{"rendered":"<p>Ihr Zahnarzt und Kieferorthop\u00e4de in Bad Kreuznach Terminvereinbarung Der Partner rund um Ihre Z\u00e4hne Die Gemeinschaftspraxis Kessler &amp; Kollegen wurde 1991 durch den Zahnarzt Stefan Kessler gegr\u00fcndet. Das eigens hierf\u00fcr aufwendig renovierte postmoderne Geb\u00e4ude an der Salinenstra\u00dfe bietet einen attraktiven Standort f\u00fcr Patienten und \u00c4rzte. Nur wenige Schritte entfernt liegen Kurpark, Parkhaus und die Wohlf\u00fchl-Oase &#8230; <a title=\"Home\" class=\"read-more\" href=\"https:\/\/zmk-kessler.de\/\" aria-label=\"Mehr Informationen \u00fcber Home\">Weiterlesen<\/a><\/p>\n","protected":false},"author":1,"featured_media":0,"parent":0,"menu_order":0,"comment_status":"closed","ping_status":"closed","template":"","meta":{"footnotes":""},"class_list":["post-14","page","type-page","status-publish"],"_links":{"self":[{"href":"https:\/\/zmk-kessler.de\/index.php?rest_route=\/wp\/v2\/pages\/14","targetHints":{"allow":["GET"]}}],"collection":[{"href":"https:\/\/zmk-kessler.de\/index.php?rest_route=\/wp\/v2\/pages"}],"about":[{"href":"https:\/\/zmk-kessler.de\/index.php?rest_route=\/wp\/v2\/types\/page"}],"author":[{"embeddable":true,"href":"https:\/\/zmk-kessler.de\/index.php?rest_route=\/wp\/v2\/users\/1"}],"replies":[{"embeddable":true,"href":"https:\/\/zmk-kessler.de\/index.php?rest_route=%2Fwp%2Fv2%2Fcomments&post=14"}],"version-history":[{"count":24,"href":"https:\/\/zmk-kessler.de\/index.php?rest_route=\/wp\/v2\/pages\/14\/revisions"}],"predecessor-version":[{"id":221,"href":"https:\/\/zmk-kessler.de\/index.php?rest_route=\/wp\/v2\/pages\/14\/revisions\/221"}],"wp:attachment":[{"href":"https:\/\/zmk-kessler.de\/index.php?rest_route=%2Fwp%2Fv2%2Fmedia&parent=14"}],"curies":[{"name":"wp","href":"https:\/\/api.w.org\/{rel}","templated":true}]}}